50305?
7
What is the tens digit of 7890292?
9
What is the units digit of 1008266?
6
What is the tens digit of 151246?
4
What is the tens digit of 685687?
8
What is the millions digit of 19169128?
9
What is the units digit of 164127?
7
What is the tens digit of 73624?
2
What is the hundred thousands digit of 12318857?
3
What is the hundred thousands digit of 14578649?
5
What is the units digit of 64778?
8
What is the hundred thousands digit of 735578?
7
What is the hundreds digit of 327030?
0
What is the tens digit of 94942?
4
What is the hundreds digit of 234?
2
What is the thousands digit of 95641?
5
What is the thousands digit of 4494237?
4
What is the units digit of 2979692?
2
What is the hundred thousands digit of 112041?
1
What is the millions digit of 4675369?
4
What is the units digit of 369649?
9
What is the hundred thousands digit of 7421039?
4
What is the ten thousands digit of 91004?
9
What is the tens digit of 3100995?
9
What is the thousands digit of 31087652?
7
What is the thousands digit of 1587295?
7
What is the hundred thousands digit of 2328097?
3
What is the tens digit of 11726144?
4
What is the thousands digit of 523313?
3
What is the ten thousands digit of 44599?
4
What is the tens digit of 697706?
0
What is the tens digit of 2192342?
4
What is the millions digit of 5525534?
5
What is the ten thousands digit of 8865967?
6
What is the tens digit of 24331408?
0
What is the hundred thousands digit of 179982?
1
What is the hundreds digit of 244790?
7
What is the thousands digit of 12139635?
9
What is the thousands digit of 27639?
7
What is the millions digit of 18480244?
8
What is the ten thousands digit of 382640?
8
What is the thousands digit of 116266?
6
What is the tens digit of 400387?
8
What is the ten thousands digit of 248474?
4
What is the units digit of 9541?
1
What is the tens digit of 21855539?
3
What is the hundred thousands digit of 28525934?
5
What is the hundred thousands digit of 245283?
2
What is the ten thousands digit of 960794?
6
What is the hundreds digit of 3371426?
4
What is the hundreds digit of 88319?
3
What is the millions digit of 5130586?
5
What is the ten thousands digit of 2277524?
7
What is the hundred thousands digit of 10166345?
1
What is the hundreds digit of 3651434?
4
What is the tens digit of 9885553?
5
What is the thousands digit of 15574065?
4
What is the hundred thousands digit of 898023?
8
What is the thousands digit of 391557?
1
What is the hundreds digit of 551826?
8
What is the hundred thousands digit of 426156?
4
What is the thousands digit of 282157?
2
What is the thousands digit of 345101?
5
What is the tens digit of 40949?
4
What is the hundreds digit of 1344968?
9
What is the units digit of 1828722?
2
What is the tens digit of 35498?
9
What is the ten millions digit of 28347633?
2
What is the hundred thousands digit of 1115165?
1
What is the units digit of 564751?
1
What is the hundreds digit of 326645?
6
What is the tens digit of 320855?
5
What is the units digit of 8406503?
3
What is the hundred thousands digit of 11817209?
8
What is the tens digit of 8910326?
2
What is the ten thousands digit of 75925?
7
What is the ten thousands digit of 487602?
8
What is the ten millions digit of 31234238?
3
What is the hundreds digit of 1059817?
8
What is the tens digit of 1968868?
6
What is the ten thousands digit of 3315448?
1
What is the hundred thousands digit of 8324842?
3
What is the hundreds digit of 8949443?
4
What is the hundreds digit of 21032045?
0
What is the tens digit of 2126786?
8
What is the tens digit of 15120291?
9
What is the hundred thousands digit of 4210264?
2
What is the ten thousands digit of 218351?
1
What is the ten thousands digit of 15939794?
3
What is the thousands digit of 6054884?
4
What is the thousands digit of 1955210?
5
What is the hundreds digit of 1940441?
4
What is the hundreds digit of 971577?
5
What is the hundreds digit of 1256688?
6
What is the millions digit of 3321408?
3
What is the units digit of 4901193?
3
What is the hundred thousands digit of 833548?
8
What is the tens digit of 366423?
2
What is the hundred thousands digit of 105191?
1
What is the tens digit of 345982?
8
What is the millions digit of 10907814?
0
What is the hundreds digit of 185089?
0
What is the hundreds digit of 443632?
6
What is the thousands digit of 350600?
0
What is the units digit of 350003?
3
What is the ten thousands digit of 11837150?
3
What is the hundreds digit of 344431?
4
What is the units digit of 3903029?
9
What is the thousands digit of 764487?
4
What is the thousands digit of 237605?
7
What is the tens digit of 6107198?
9
What is the millions digit of 15159640?
5
What is the hundred thousands digit of 187633?
1
What is the hundred thousands digit of 225959?
2
What is the hundred thousands digit of 1512742?
5
What is the hundreds digit of 4850479?
4
What is the hundreds digit of 23078527?
5
What is the tens digit of 856609?
0
What is the units digit of 466246?
6
What is the thousands digit of 16917608?
7
What is the millions digit of 27150885?
7
What is the ten thousands digit of 51189?
5
What is the millions digit of 5354388?
5
What is the thousands digit of 6483581?
3
What is the hundreds digit of 1293193?
1
What is the hundreds digit of 11180016?
0
What is the tens digit of 8162847?
4
What is the units digit of 61303?
3
What is the hundreds digit of 544719?
7
What is the ten millions digit of 18256755?
1
What is the tens digit of 6005624?
2
What is the hundred thousands digit of 529466?
5
What is the ten thousands digit of 297627?
9
What is the units digit of 10643389?
9
What is the millions digit of 3442753?
3
What is the tens digit of 15625718?
1
What is the tens digit of 169710?
1
What is the hundreds digit of 141257?
2
What is the hundreds digit of 14662007?
0
What is the units digit of 883035?
5
What is the hundred thousands digit of 489048?
4
What is the thousands digit of 373601?
3
What is the tens digit of 6652357?
5
What is the hundred thousands digit of 1857498?
8
What is the hundred thousands digit of 238675?
2
What is the units digit of 58574?
4
What is the hundreds digit of 570432?
4
What is the ten millions digit of 21230241?
2
What is the thousands digit of 746248?
6
What is the units digit of 10313064?
4
What is the hundreds digit of 12581135?
1
What is the units digit of 109765?
5
What is the hundreds digit of 237040?
0
What is the ten thousands digit of 383334?
8
What is the ten thousands digit of 95885?
9
What is the millions digit of 7499495?
7
What is the units digit of 3163836?
6
What is the thousands digit of 392239?
2
What is the units digit of 1192706?
6
What is the millions digit of 2770968?
2
What is the units digit of 314166?
6
What is the hundred thousands digit of 128710?
1
What is the ten thousands digit of 924039?
2
What is the hundreds digit of 558109?
1
What is the thousands digit of 3204916?
4
What is the units digit of 125358?
8
What is the ten thousands digit of 1406689?
0
What is the ten millions digit of 15759729?
1
What is the thousands digit of 132698?
2
What is the tens digit of 346808?
0
What is the units digit of 146762?
2
What is the hundred thousands digit of 278944?
2
What is the hundred thousands digit of 6079723?
0
What is the hundred thousands digit of 180076?
1
What is the millions digit of 25868930?
5
What is the ten millions digit of 22098248?
2
What is the tens digit of 6127851?
5
What is the tens digit of 7847538?
3
What is the millions digit of 1072248?
1
What is the hundreds digit of 412100?
1
What is the hundred thousands digit of 258234?
2
What is the tens digit of 618462?
6
What is the units digit of 29959258?
8
What is the units digit of 36620?
0
What is the thousands digit of 372706?
2
What is the thousands digit of 34517384?
7
What is the tens digit of 8526305?
0
What is the tens digit of 45842?
4
What is the hundreds digit of 1750542?
5
What is the units digit of 547391?
1
What is the ten thousands digit of 214588?
1
What is the units digit of 4596778?
8
What is the units digit of 13356?
6
What is the units digit of 1148877?
7
What is the ten thousands digit of 55677?
5
What is the hundred thousands digit of 163200?
1
What is the hundred thousands digit of 32803535?
8
What is the tens di